 of 330612 and 12?
12
Calculate the highest common factor of 2576784 and 64.
16
Calculate the highest common factor of 42 and 203966.
14
What is the greatest common divisor of 716 and 155014?
358
What is the highest common divisor of 73 and 1057697?
73
What is the highest common divisor of 110 and 3658?
2
Calculate the highest common divisor of 800 and 34550.
50
Calculate the highest common factor of 3076471 and 31.
31
Calculate the greatest common factor of 4320 and 212360.
40
What is the highest common divisor of 949116 and 168?
84
What is the greatest common factor of 42 and 53628?
6
Calculate the greatest common divisor of 239956 and 48756.
956
What is the greatest common divisor of 160830 and 30?
30
What is the greatest common factor of 675 and 72975?
75
Calculate the highest common factor of 752 and 6960.
16
What is the greatest common divisor of 6179 and 6956?
37
Calculate the highest common factor of 510 and 187170.
510
What is the highest common divisor of 345674 and 14?
14
What is the highest common factor of 39 and 252499?
13
Calculate the greatest common factor of 7416 and 978.
6
What is the highest common factor of 216 and 98352?
72
What is the greatest common divisor of 2214 and 9?
9
Calculate the highest common factor of 1862 and 494.
38
What is the greatest common factor of 1860 and 129660?
60
What is the greatest common factor of 81 and 55755?
27
Calculate the highest common factor of 4128 and 3999.
129
Calculate the greatest common divisor of 478 and 2.
2
What is the highest common divisor of 29 and 13650764?
29
What is the highest common divisor of 88075 and 25?
25
Calculate the greatest common factor of 30 and 10910.
10
Calculate the greatest common divisor of 2200 and 588720.
440
Calculate the greatest common divisor of 50216 and 16.
8
Calculate the highest common divisor of 142225 and 25.
25
Calculate the highest common divisor of 14915 and 13015.
95
What is the greatest common factor of 9861 and 357072?
519
What is the greatest common divisor of 1360 and 13753?
17
Calculate the greatest common factor of 12 and 93036.
12
Calculate the greatest common factor of 1984 and 785168.
496
Calculate the highest common divisor of 721 and 118347.
103
Calculate the highest common factor of 783 and 5539.
29
What is the highest common divisor of 7275 and 14065?
485
What is the greatest common divisor of 83 and 38?
1
Calculate the highest common factor of 352264 and 88.
88
Calculate the highest common divisor of 760 and 2040.
40
What is the highest common divisor of 2106761 and 439?
439
Calculate the greatest common divisor of 37685 and 45.
5
Calculate the highest common factor of 22969 and 2899.
223
What is the greatest common factor of 601105 and 115?
115
What is the highest common divisor of 854192 and 197?
197
What is the highest common factor of 891 and 124443?
297
What is the greatest common divisor of 38136 and 336?
168
Calculate the greatest common factor of 338 and 48776.
26
What is the greatest common divisor of 96660 and 864?
108
Calculate the highest common divisor of 5 and 4320.
5
What is the highest common divisor of 419085 and 60?
15
Calculate the greatest common divisor of 62 and 12667003.
31
What is the highest common divisor of 156 and 126737?
13
Calculate the greatest common factor of 317 and 109999.
317
Calculate the greatest common divisor of 1569 and 464947.
523
What is the greatest common divisor of 107660 and 1260?
140
Calculate the greatest common factor of 290783 and 259.
37
Calculate the highest common factor of 25415 and 85.
85
What is the highest common factor of 3984 and 1177936?
1328
Calculate the greatest common factor of 9450 and 546.
42
What is the highest common divisor of 8 and 1588?
4
Calculate the greatest common divisor of 1924 and 222.
74
What is the highest common divisor of 14 and 2582804?
14
Calculate the highest common factor of 167573 and 37.
37
Calculate the highest common factor of 7803 and 2916.
27
Calculate the greatest common factor of 76 and 114266.
38
What is the greatest common factor of 1728 and 261?
9
Calculate the highest common factor of 4790 and 115.
5
What is the highest common divisor of 22 and 2466?
2
What is the highest common factor of 50730 and 2820?
30
What is the greatest common factor of 1117824 and 142?
142
Calculate the highest common divisor of 25389 and 5551.
91
What is the greatest common factor of 28 and 55804?
28
Calculate the greatest common divisor of 1484 and 47586.
14
What is the greatest common divisor of 90 and 842970?
30
What is the highest common divisor of 338 and 34?
2
Calculate the greatest common factor of 5451 and 32469.
237
Calculate the greatest common factor of 499 and 121756.
499
What is the highest common divisor of 263221 and 4991?
217
What is the greatest common factor of 238544 and 32?
16
Calculate the greatest common divisor of 150 and 578850.
150
Calculate the highest common factor of 261 and 7094937.
87
What is the highest common divisor of 127 and 48641?
127
Calculate the greatest common factor of 238 and 2130002.
14
What is the highest common divisor of 48186 and 162?
18
What is the highest common divisor of 2496671 and 106?
53
What is the highest common factor of 6150 and 1722?
246
What is the highest common divisor of 632 and 9006?
158
Calculate the greatest common factor of 702 and 131742.
234
What is the greatest common factor of 322 and 20006?
14
What is the greatest common factor of 4154 and 4288?
134
Calculate the greatest common factor of 129440 and 1280.
160
What is the highest common factor of 2616594 and 5502?
786
What is the greatest common divisor of 5957 and 183631?
259
Calculate the highest common factor of 70 and 508795.
35
Calculate the highest common divisor of 21962 and 1817.
79
Calculate the greatest common divisor of 56 and 261128.
56
Calculate the greatest common divisor of 80 and 23304.
8
Calculate the highest common divisor of 3105 and 2745.
45
What is the highest common divisor of 24 and 2579736?
24
Calculate the greatest common divisor of 221 and 13549.
17
Calculate the highest common divisor of 228 and 354768.
228
Calculate the greatest common divisor of 5817 and 21.
21
Calculate the highest common factor of 176 and 77.
11
Calculate the greatest common factor of 45 and 11858985.
45
What is the highest common factor of 147 and 6098001?
147
Calculate the greatest common divisor of 7623 and 47916.
1089
Calculate the greatest common factor of 13768 and 24.
8
What is the greatest common divisor of 7059 and 14661?
543
Calculate the greatest common divisor of 65190 and 14310.
1590
What is the greatest common factor of 830 and 9296?
166
What is the greatest common divisor of 7794 and 3546?
18
Calculate the highest common factor of 25680 and 13910.
1070
Calculate the greatest common factor of 2023 and 29189.
289
Calculate the greatest common divisor of 19210 and 1808.
226
What is the highest common factor of 895428 and 18?
18
Calculate the greatest common divisor of 186 and 40858.
62
Calculate the highest common factor of 217104 and 168.
24
Calculate the highest common factor of 325 and 7075.
25
What is the greatest common factor of 1914 and 18?
6
Calculate the greatest common divisor of 253520 and 80.
80
What is the greatest common divisor of 742 and 978698?
742
What is the greatest common factor of 396 and 433642?
22
Calculate the greatest common divisor of 194 and 98358.
194
Calculate the greatest common factor of 22570 and 366.
122
Calculate the greatest common factor of 16305 and 27.
3
What is the greatest common factor of 980 and 93240?
140
Calculate the greatest common factor of 998320 and 80.
80
What is the greatest common factor of 26848 and 448865?
839
What is the greatest common factor of 112 and 316946?
14
Calculate the highest common divisor of 22 and 12287.
11
Calculate the greatest common factor of 59136 and 6688.
352
What is the highest common divisor of 36 and 1003092?
12
What is the greatest common factor of 14608 and 9460?
44
What is the greatest common factor of 20061 and 675?
27
What is the highest common divisor of 202 and 63125?
101
What is the greatest common divisor of 58 and 1082019?
29
Calculate the highest common divisor of 48 and 264.
24
Calculate the greatest common divisor of 29 and 73